{"id":1161,"date":"2026-01-08T17:24:56","date_gmt":"2026-01-08T16:24:56","guid":{"rendered":"https:\/\/format-experts.com\/?page_id=1161"},"modified":"2026-01-08T17:25:57","modified_gmt":"2026-01-08T16:25:57","slug":"liens-utiles","status":"publish","type":"page","link":"https:\/\/format-experts.com\/index.php\/liens-utiles\/","title":{"rendered":"LIENS UTILES"},"content":{"rendered":"\n<p>Cette page regroupe l\u2019ensemble des ressources essentielles du site FORMAT\u2019 Experts afin de faciliter votre navigation et votre acc\u00e8s aux informations cl\u00e9s. Vous y trouverez les pages incontournables pour d\u00e9couvrir notre organisme, nos services et nos engagements en mati\u00e8re de formation professionnelle.<\/p>\n\n\n\n<ul class=\"wp-block-list\">\n<li><strong><a href=\"http:\/\/format-experts.com\/wp-content\/uploads\/2026\/01\/Catalogue-2026.pdf\" target=\"_blank\" rel=\"noreferrer noopener\">Catalogue de formations 2026<\/a><\/strong><\/li>\n\n\n\n<li><strong><a href=\"http:\/\/format-experts.com\/wp-content\/uploads\/2026\/01\/2026-Calendrier.pdf\" target=\"_blank\" rel=\"noreferrer noopener\">Calendrier de formations 2026<\/a><\/strong><\/li>\n\n\n\n<li><strong><a href=\"http:\/\/format-experts.com\/wp-content\/uploads\/2026\/01\/Comment-financer-ma-formation.png\" target=\"_blank\" rel=\"noreferrer noopener\">Modalit\u00e9s de financement et d&rsquo;inscription<\/a><\/strong><\/li>\n\n\n\n<li><strong><a href=\"http:\/\/format-experts.com\/wp-content\/uploads\/2026\/01\/2021-CHARTE-DES-MODALITES-DACCUEIL-DES-PSH.pdf\" target=\"_blank\" rel=\"noreferrer noopener\">Charte de modalit\u00e9s d&rsquo;accueil des PSH<\/a><\/strong><\/li>\n\n\n\n<li><strong><a href=\"http:\/\/format-experts.com\/wp-content\/uploads\/2026\/01\/Livret-daccueil-version-7-du-06-01-2026.pdf\" target=\"_blank\" rel=\"noreferrer noopener\">Livret d&rsquo;accueil<\/a><\/strong><\/li>\n\n\n\n<li><strong><a href=\"http:\/\/format-experts.com\/wp-content\/uploads\/2026\/01\/2026-POLITIQUE-QUALITE-FE-QSE-FO-002-Document-signe.pdf\" target=\"_blank\" rel=\"noreferrer noopener\">Politique qualit\u00e9<\/a><\/strong><\/li>\n\n\n\n<li><strong><a href=\"http:\/\/format-experts.com\/wp-content\/uploads\/2026\/01\/POLITIQUE-CONFIDENTIALITE-RGPD.pdf\" target=\"_blank\" rel=\"noreferrer noopener\">Politique de confidentialit\u00e9 RGPD<\/a><\/strong><\/li>\n\n\n\n<li><strong><a href=\"http:\/\/format-experts.com\/wp-content\/uploads\/2026\/01\/image.png\" target=\"_blank\" rel=\"noreferrer noopener\">Plan d&rsquo;acc\u00e8s du centre de formation<\/a><\/strong><\/li>\n<\/ul>\n\n\n\n<h2 class=\"wp-block-heading has-blue-color has-text-color has-link-color wp-elements-6ee53b09aa131db72aad9263b7234e33\">Nous contacter<\/h2>\n\n\n\n<p>Pour toute <strong>demande d\u2019information<\/strong>, devis ou support, rendez-vous <strong><a href=\"https:\/\/format-experts.com\/index.php\/contact\/\" target=\"_blank\" rel=\"noreferrer noopener\">ici<\/a><\/strong> pour acc\u00e9der au formulaire et aux coordonn\u00e9es directes de notre \u00e9quipe.<\/p>\n","protected":false},"excerpt":{"rendered":"<p>Cette page regroupe l\u2019ensemble des ressources essentielles du site FORMAT\u2019 Experts afin de faciliter votre navigation et votre acc\u00e8s aux informations cl\u00e9s. Vous y trouverez les pages incontournables pour d\u00e9couvrir notre organisme, nos services et nos engagements en mati\u00e8re de <a href=\"https:\/\/format-experts.com\/index.php\/liens-utiles\/\" class=\"read-more\">Read More &#8230;<\/a><\/p>\n","protected":false},"author":4,"featured_media":0,"parent":0,"menu_order":0,"comment_status":"closed","ping_status":"closed","template":"","meta":{"jetpack_post_was_ever_published":false,"footnotes":""},"class_list":["post-1161","page","type-page","status-publish","hentry"],"yoast_head":"<!-- This site is optimized with the Yoast SEO plugin v26.1.1 - https:\/\/yoast.com\/wordpress\/plugins\/seo\/ -->\n<title>LIENS UTILES - FORMAT&#039; Experts<\/title>\n<meta name=\"description\" content=\"Retrouvez les liens et documents utiles pour finaliser votre besoin de formation dans le domaine ferroviaire avec FORMAT&#039;Experts.\" \/>\n<meta name=\"robots\" content=\"index, follow, max-snippet:-1, max-image-preview:large, max-video-preview:-1\" \/>\n<link rel=\"canonical\" href=\"https:\/\/format-experts.com\/index.php\/liens-utiles\/\" \/>\n<meta property=\"og:locale\" content=\"fr_FR\" \/>\n<meta property=\"og:type\" content=\"article\" \/>\n<meta property=\"og:title\" content=\"LIENS UTILES - FORMAT&#039; Experts\" \/>\n<meta property=\"og:description\" content=\"Retrouvez les liens et documents utiles pour finaliser votre besoin de formation dans le domaine ferroviaire avec FORMAT&#039;Experts.\" \/>\n<meta property=\"og:url\" content=\"https:\/\/format-experts.com\/index.php\/liens-utiles\/\" \/>\n<meta property=\"og:site_name\" content=\"FORMAT&#039; Experts\" \/>\n<meta property=\"article:modified_time\" content=\"2026-01-08T16:25:57+00:00\" \/>\n<meta name=\"twitter:card\" content=\"summary_large_image\" \/>\n<meta name=\"twitter:label1\" content=\"Dur\u00e9e de lecture estim\u00e9e\" \/>\n\t<meta name=\"twitter:data1\" content=\"1 minute\" \/>\n<script type=\"application\/ld+json\" class=\"yoast-schema-graph\">{\"@context\":\"https:\/\/schema.org\",\"@graph\":[{\"@type\":\"WebPage\",\"@id\":\"https:\/\/format-experts.com\/index.php\/liens-utiles\/\",\"url\":\"https:\/\/format-experts.com\/index.php\/liens-utiles\/\",\"name\":\"LIENS UTILES - FORMAT&#039; Experts\",\"isPartOf\":{\"@id\":\"https:\/\/format-experts.com\/#website\"},\"datePublished\":\"2026-01-08T16:24:56+00:00\",\"dateModified\":\"2026-01-08T16:25:57+00:00\",\"description\":\"Retrouvez les liens et documents utiles pour finaliser votre besoin de formation dans le domaine ferroviaire avec FORMAT'Experts.\",\"breadcrumb\":{\"@id\":\"https:\/\/format-experts.com\/index.php\/liens-utiles\/#breadcrumb\"},\"inLanguage\":\"fr-FR\",\"potentialAction\":[{\"@type\":\"ReadAction\",\"target\":[\"https:\/\/format-experts.com\/index.php\/liens-utiles\/\"]}]},{\"@type\":\"BreadcrumbList\",\"@id\":\"https:\/\/format-experts.com\/index.php\/liens-utiles\/#breadcrumb\",\"itemListElement\":[{\"@type\":\"ListItem\",\"position\":1,\"name\":\"Accueil\",\"item\":\"https:\/\/format-experts.com\/\"},{\"@type\":\"ListItem\",\"position\":2,\"name\":\"LIENS UTILES\"}]},{\"@type\":\"WebSite\",\"@id\":\"https:\/\/format-experts.com\/#website\",\"url\":\"https:\/\/format-experts.com\/\",\"name\":\"FORMAT&#039; Experts\",\"description\":\"Entrepreneur de solutions ...\",\"publisher\":{\"@id\":\"https:\/\/format-experts.com\/#organization\"},\"potentialAction\":[{\"@type\":\"SearchAction\",\"target\":{\"@type\":\"EntryPoint\",\"urlTemplate\":\"https:\/\/format-experts.com\/?s={search_term_string}\"},\"query-input\":{\"@type\":\"PropertyValueSpecification\",\"valueRequired\":true,\"valueName\":\"search_term_string\"}}],\"inLanguage\":\"fr-FR\"},{\"@type\":\"Organization\",\"@id\":\"https:\/\/format-experts.com\/#organization\",\"name\":\"FORMAT&#039; Experts\",\"url\":\"https:\/\/format-experts.com\/\",\"logo\":{\"@type\":\"ImageObject\",\"inLanguage\":\"fr-FR\",\"@id\":\"https:\/\/format-experts.com\/#\/schema\/logo\/image\/\",\"url\":\"https:\/\/format-experts.com\/wp-content\/uploads\/2017\/07\/cropped-400dpiLogo.png\",\"contentUrl\":\"https:\/\/format-experts.com\/wp-content\/uploads\/2017\/07\/cropped-400dpiLogo.png\",\"width\":200,\"height\":94,\"caption\":\"FORMAT&#039; Experts\"},\"image\":{\"@id\":\"https:\/\/format-experts.com\/#\/schema\/logo\/image\/\"}}]}<\/script>\n<!-- \/ Yoast SEO plugin. -->","yoast_head_json":{"title":"LIENS UTILES - FORMAT&#039; Experts","description":"Retrouvez les liens et documents utiles pour finaliser votre besoin de formation dans le domaine ferroviaire avec FORMAT'Experts.","robots":{"index":"index","follow":"follow","max-snippet":"max-snippet:-1","max-image-preview":"max-image-preview:large","max-video-preview":"max-video-preview:-1"},"canonical":"https:\/\/format-experts.com\/index.php\/liens-utiles\/","og_locale":"fr_FR","og_type":"article","og_title":"LIENS UTILES - FORMAT&#039; Experts","og_description":"Retrouvez les liens et documents utiles pour finaliser votre besoin de formation dans le domaine ferroviaire avec FORMAT'Experts.","og_url":"https:\/\/format-experts.com\/index.php\/liens-utiles\/","og_site_name":"FORMAT&#039; Experts","article_modified_time":"2026-01-08T16:25:57+00:00","twitter_card":"summary_large_image","twitter_misc":{"Dur\u00e9e de lecture estim\u00e9e":"1 minute"},"schema":{"@context":"https:\/\/schema.org","@graph":[{"@type":"WebPage","@id":"https:\/\/format-experts.com\/index.php\/liens-utiles\/","url":"https:\/\/format-experts.com\/index.php\/liens-utiles\/","name":"LIENS UTILES - FORMAT&#039; Experts","isPartOf":{"@id":"https:\/\/format-experts.com\/#website"},"datePublished":"2026-01-08T16:24:56+00:00","dateModified":"2026-01-08T16:25:57+00:00","description":"Retrouvez les liens et documents utiles pour finaliser votre besoin de formation dans le domaine ferroviaire avec FORMAT'Experts.","breadcrumb":{"@id":"https:\/\/format-experts.com\/index.php\/liens-utiles\/#breadcrumb"},"inLanguage":"fr-FR","potentialAction":[{"@type":"ReadAction","target":["https:\/\/format-experts.com\/index.php\/liens-utiles\/"]}]},{"@type":"BreadcrumbList","@id":"https:\/\/format-experts.com\/index.php\/liens-utiles\/#breadcrumb","itemListElement":[{"@type":"ListItem","position":1,"name":"Accueil","item":"https:\/\/format-experts.com\/"},{"@type":"ListItem","position":2,"name":"LIENS UTILES"}]},{"@type":"WebSite","@id":"https:\/\/format-experts.com\/#website","url":"https:\/\/format-experts.com\/","name":"FORMAT&#039; Experts","description":"Entrepreneur de solutions ...","publisher":{"@id":"https:\/\/format-experts.com\/#organization"},"potentialAction":[{"@type":"SearchAction","target":{"@type":"EntryPoint","urlTemplate":"https:\/\/format-experts.com\/?s={search_term_string}"},"query-input":{"@type":"PropertyValueSpecification","valueRequired":true,"valueName":"search_term_string"}}],"inLanguage":"fr-FR"},{"@type":"Organization","@id":"https:\/\/format-experts.com\/#organization","name":"FORMAT&#039; Experts","url":"https:\/\/format-experts.com\/","logo":{"@type":"ImageObject","inLanguage":"fr-FR","@id":"https:\/\/format-experts.com\/#\/schema\/logo\/image\/","url":"https:\/\/format-experts.com\/wp-content\/uploads\/2017\/07\/cropped-400dpiLogo.png","contentUrl":"https:\/\/format-experts.com\/wp-content\/uploads\/2017\/07\/cropped-400dpiLogo.png","width":200,"height":94,"caption":"FORMAT&#039; Experts"},"image":{"@id":"https:\/\/format-experts.com\/#\/schema\/logo\/image\/"}}]}},"jetpack_sharing_enabled":true,"jetpack_shortlink":"https:\/\/wp.me\/P8YQDH-iJ","_links":{"self":[{"href":"https:\/\/format-experts.com\/index.php\/wp-json\/wp\/v2\/pages\/1161","targetHints":{"allow":["GET"]}}],"collection":[{"href":"https:\/\/format-experts.com\/index.php\/wp-json\/wp\/v2\/pages"}],"about":[{"href":"https:\/\/format-experts.com\/index.php\/wp-json\/wp\/v2\/types\/page"}],"author":[{"embeddable":true,"href":"https:\/\/format-experts.com\/index.php\/wp-json\/wp\/v2\/users\/4"}],"replies":[{"embeddable":true,"href":"https:\/\/format-experts.com\/index.php\/wp-json\/wp\/v2\/comments?post=1161"}],"version-history":[{"count":2,"href":"https:\/\/format-experts.com\/index.php\/wp-json\/wp\/v2\/pages\/1161\/revisions"}],"predecessor-version":[{"id":1165,"href":"https:\/\/format-experts.com\/index.php\/wp-json\/wp\/v2\/pages\/1161\/revisions\/1165"}],"wp:attachment":[{"href":"https:\/\/format-experts.com\/index.php\/wp-json\/wp\/v2\/media?parent=1161"}],"curies":[{"name":"wp","href":"https:\/\/api.w.org\/{rel}","templated":true}]}}